housands digit of 1446490396?
9
What is the millions digit of 312924245?
2
What is the tens digit of 280006543?
4
What is the ten millions digit of 40044701?
4
What is the thousands digit of 76635883?
5
What is the thousands digit of 54035918?
5
What is the ten millions digit of 166017543?
6
What is the tens digit of 6498523329?
2
What is the hundred thousands digit of 302788?
3
What is the hundred thousands digit of 7084154?
0
What is the thousands digit of 191416656?
6
What is the ten thousands digit of 62754206?
5
What is the billions digit of 5739478118?
5
What is the units digit of 746309425?
5
What is the millions digit of 598536149?
8
What is the thousands digit of 1556795858?
5
What is the ten thousands digit of 278863708?
6
What is the hundreds digit of 461470296?
2
What is the hundred millions digit of 572338488?
5
What is the millions digit of 603335003?
3
What is the tens digit of 1487084847?
4
What is the ten millions digit of 253410361?
5
What is the units digit of 120173620?
0
What is the millions digit of 28644417?
8
What is the thousands digit of 92869711?
9
What is the tens digit of 132541463?
6
What is the hundred millions digit of 2074002845?
0
What is the hundred thousands digit of 376666720?
6
What is the tens digit of 25388080?
8
What is the ten thousands digit of 128555203?
5
What is the ten millions digit of 176267861?
7
What is the thousands digit of 223150407?
0
What is the ten millions digit of 92191933?
9
What is the ten thousands digit of 1191247867?
4
What is the hundreds digit of 43400776?
7
What is the units digit of 1319644708?
8
What is the hundred millions digit of 1032383413?
0
What is the ten millions digit of 1485297931?
8
What is the thousands digit of 1885494708?
4
What is the millions digit of 310493426?
0
What is the ten thousands digit of 687400238?
0
What is the units digit of 264477607?
7
What is the millions digit of 3043219?
3
What is the hundreds digit of 445047666?
6
What is the millions digit of 1042813862?
2
What is the ten millions digit of 100546458?
0
What is the units digit of 6167118740?
0
What is the tens digit of 63084558?
5
What is the ten millions digit of 4114230472?
1
What is the hundred thousands digit of 1688895418?
8
What is the ten millions digit of 35202530?
3
What is the hundred thousands digit of 7434275?
4
What is the hundreds digit of 2306825249?
2
What is the thousands digit of 358542724?
2
What is the units digit of 3090929021?
1
What is the hundreds digit of 3547232926?
9
What is the millions digit of 91620158?
1
What is the hundred thousands digit of 1450955208?
9
What is the ten millions digit of 30159640?
3
What is the hundred thousands digit of 1235105982?
1
What is the ten thousands digit of 87303084?
0
What is the hundred thousands digit of 73644814?
6
What is the units digit of 123736112?
2
What is the hundreds digit of 64948631?
6
What is the units digit of 735198333?
3
What is the ten thousands digit of 3390722281?
2
What is the thousands digit of 43676528?
6
What is the units digit of 96478238?
8
What is the hundreds digit of 174405081?
0
What is the hundreds digit of 3770909114?
1
What is the hundreds digit of 1583134?
1
What is the ten thousands digit of 798445839?
4
What is the hundred millions digit of 251720694?
2
What is the hundred thousands digit of 766993476?
9
What is the ten millions digit of 18254657?
1
What is the ten millions digit of 2213003550?
1
What is the hundreds digit of 504192769?
7
What is the hundred thousands digit of 139671647?
6
What is the units digit of 1323165331?
1
What is the millions digit of 222081382?
2
What is the units digit of 30761634?
4
What is the units digit of 29766367?
7
What is the hundreds digit of 142365003?
0
What is the ten millions digit of 41804833?
4
What is the hundred millions digit of 7340578519?
3
What is the ten thousands digit of 8853552?
5
What is the ten millions digit of 638450825?
3
What is the hundreds digit of 104035234?
2
What is the hundred thousands digit of 17304685?
3
What is the tens digit of 40081515?
1
What is the ten thousands digit of 24386983?
8
What is the millions digit of 3384486448?
4
What is the hundreds digit of 5782971231?
2
What is the ten millions digit of 83119830?
8
What is the ten thousands digit of 1875383?
7
What is the units digit of 45010853?
3
What is the ten thousands digit of 62710190?
1
What is the units digit of 20627460?
0
What is the hundred thousands digit of 3262227637?
2
What is the units digit of 55373968?
8
What is the thousands digit of 160355850?
5
What is the thousands digit of 3511696175?
6
What is the billions digit of 4649054914?
4
What is the tens digit of 547151449?
4
What is the millions digit of 12364497?
2
What is the hundreds digit of 5143953340?
3
What is the hundreds digit of 131022133?
1
What is the millions digit of 1348231101?
8
What is the ten thousands digit of 340785508?
8
What is the tens digit of 91224743?
4
What is the millions digit of 101552221?
1
What is the tens digit of 171078403?
0
What is the ten thousands digit of 53109068?
0
What is the tens digit of 237594036?
3
What is the units digit of 3395774011?
1
What is the billions digit of 1440599929?
1
What is the units digit of 36731918?
8
What is the units digit of 75702942?
2
What is the hundred thousands digit of 94798608?
7
What is the millions digit of 304388703?
4
What is the units digit of 271916291?
1
What is the ten thousands digit of 647377621?
7
What is the hundred thousands digit of 363942780?
9
What is the units digit of 80024390?
0
What is the ten millions digit of 15555354?
1
What is the ten thousands digit of 918266785?
6
What is the tens digit of 3138533136?
3
What is the hundred thousands digit of 206085749?
0
What is the hundreds digit of 1738939569?
5
What is the ten millions digit of 16432937?
1
What is the hundreds digit of 63764548?
5
What is the thousands digit of 567953667?
3
What is the hundred thousands digit of 742018665?
0
What is the hundred millions digit of 487454164?
4
What is the hundred thousands digit of 42407613?
4
What is the ten millions digit of 273411187?
7
What is the tens digit of 74188486?
8
What is the hundreds digit of 1478976495?
4
What is the millions digit of 34211180?
4
What is the units digit of 934253510?
0
What is the hundred thousands digit of 344407532?
4
What is the hundred thousands digit of 151916275?
9
What is the hundred thousands digit of 146002177?
0
What is the hundreds digit of 363916798?
7
What is the ten millions digit of 3671975600?
7
What is the units digit of 44204406?
6
What is the tens digit of 360915268?
6
What is the hundreds digit of 88153653?
6
What is the hundreds digit of 259777393?
3
What is the hundred thousands digit of 1459699141?
6
What is the billions digit of 1151482458?
1
What is the units digit of 34306990?
0
What is the ten thousands digit of 148405651?
0
What is the tens digit of 785659091?
9
What is the hundred thousands digit of 39265844?
2
What is the hundreds digit of 7668154103?
1
What is the hundred millions digit of 664733959?
6
What is the ten millions digit of 75573983?
7
What is the ten millions digit of 315885123?
1
What is the billions digit of 4600684540?
4
What is the hundreds digit of 11269059?
0
What is the hundred millions digit of 249815768?
2
What is the hundred thousands digit of 17991405?
9
What is the hundred thousands digit of 2666876459?
8
What is the ten millions digit of 613801193?
1
What is the tens digit of 2558739381?
8
What is the tens digit of 24888398?
9
What is the millions digit of 6791002023?
1
What is the units digit of 2764958965?
5
What is the hundred thousands digit of 173496538?
4
What is the billions digit of 2460269744?
2
What is the tens digit of 19924094?
9
What is the tens digit of 4169326272?
7
What is the ten millions digit of 520475892?
2
What is the tens digit of 632853001?
0
What is the ten thousands digit of 109360808?
6
What is the millions digit of 1813856081?
3
What is the hundred millions digit of 181865502?
1
What is the millions digit of 31556788?
1
What is the tens digit of 2040294832?
3
What is the thousands digit of 566238154?
8
What is the ten millions digit of 2103768623?
0
What is the tens digit of 219542535?
3
What is the hundre